 + 6. Let d(y) = -2*y + 1. What is d(f)?
13
Let u(o) = o + 2. Let l(z) = 2*z**3 - z**2 + 1. Let w be 4/6 - 3/(-9). Let x be l(w). Give u(x).
4
Suppose 9 = 3*d - 6. Let h(l) = -4*l + 1 - 3*l + d*l + l**2 + 4*l. Let i be -1*((-12)/2)/(-2). Give h(i).
4
Let b(r) = r + 3. Let w be b(-3). Let l(h) = 5*h + w + 0*h + 3 - h**2. Suppose -4 = -2*x + 4. Determine l(x).
7
Let g(t) = t**2 + 4*t + 1. Let r be -3*(-6)/(18/(-5)). Give g(r).
6
Let i = -1 + -3. Let a(b) = 2*b**2 - b**3 - b - 3*b**2 - b + 1 - 4*b**2. Give a(i).
-7
Let w = -33 - -49. Suppose n + 3 = -y, 0 = -4*y - 2*n - 0*n - w. Let a(c) = -c**3 - 6*c**2 - 5*c - 1. Calculate a(y).
-1
Let y(v) = -2*v + 8. Let n be y(3). Let q(k) be the second derivative of -2*k - 1/6*k**3 + 0*k**2 + 0 + 1/12*k**4. Give q(n).
2
Let f = -6 - -6. Let g(p) = -p**3 + p**2 + 4. Calculate g(f).
4
Let g(c) be the second derivative of -4*c - 2/3*c**3 + 0 + 3/2*c**2. Calculate g(2).
-5
Let v(f) = -10*f**2 - 2*f. Let p(k) = 29*k**2 + 6*k. Let q(y) = 6*p(y) + 17*v(y). What is q(-2)?
12
Let q(v) = 3*v**3 + v**2 - 2*v - 3. Let n(s) = -2*s**3 + s + 2. Let c(j) = 5*n(j) + 3*q(j). Let r(d) = 2*d - 18. Let y be r(10). Determine c(y).
3
Let l(a) = 9*a - 4. Let j(c) = 35*c - 15. Let o(q) = -4*j(q) + 15*l(q). Let n = 2 - -2. Suppose -h = 5*v - 6, -n*v + 8 = 3*h + v. What is o(h)?
-5
Let x(y) be the second derivative of y**5/20 - 5*y**4/12 + 2*y**3/3 + y**2/2 + 4*y. Suppose -3 - 9 = -4*t. What is x(t)?
-5
Let w(m) = -2*m**3 + 2*m**2 - 2*m + 1. Let l(v) = -v**2 + 12*v - 14. Let r(b) = 2*b - 9. Let p be r(10). Let t be l(p). Let k be (2/t)/(2/(-3)). Calculate w(k).
-1
Let f(q) = -q. Let p be f(-5). Let g(m) = -1 + 0 + 6*m + 4 + 3 - m**2. Calculate g(p).
11
Let x(g) = -g + 5. Let a(u) = u**3 + 5*u**2 + 3*u + 2. Let h be a(-4). Let q = 1 + h. Let k be -2*(1 + q/(-2)). What is x(k)?
0
Let g(s) be the first derivative of -s**3/3 + 5*s**2/2 + 3*s + 22. What is g(-3)?
-21
Let n(h) = -h**2 + 7*h + 11. Suppose -3*r - 20 = -4*d, d = -4*d - r + 44. What is n(d)?
3
Suppose -u + 8*y = 3*y + 15, 0 = 5*y - 10. Let w = u - -5. Let i(r) = 6 + 0*r + w - r. Determine i(0).
6
Let h(a) = 9*a - 5 + 9*a + a**2 - 24*a. Determine h(7).
2
Let d(x) be the first derivative of x**4/2 - 2*x**3/3 + x**2 - x + 1. Suppose 5*t + 2 = 3*o + 1, -o = -2*t. Determine d(t).
1
Let s(g) = g**2 - 6*g - 1. Let a be (-2)/3 + 24/9. Let c(b) = b**3 - b**2 + 2*b - 3. Let j be c(a). Calculate s(j).
-6
Let r(n) = -3*n - n + 0*n + 1. Let j(x) = x**2 - 2*x - 4. Let z be j(3). Calculate r(z).
5
Let f(w) = -9*w**3 + 2*w**2 - 1. Let y(x) = 2*x - 13. Let z be y(7). Give f(z).
-8
Let q(h) = -h - 3. Let m be q(0). Let a be 4 - 2 - 0/m. Let l = a - -1. Let w(j) = j**2 + 1. Give w(l).
10
Let s(c) = c**2 + 5*c - 3. Suppose 4*w = 9 - 29. Determine s(w).
-3
Suppose -4*m = i - 1 + 10, 0 = -3*i - m - 16. Let p(s) = s**3 + 4*s**2 - 2*s + 7. Calculate p(i).
-8
Let x(n) = n + 4. Let w = -32 + 33. Suppose 0 = 3*r - 7*r + 4, 4*y + 2*r = 26. Let p be 1 + w - (1 + y). Determine x(p).
-1
Let l(s) be the first derivative of s**3/3 - 3*s**2/2 + 1. Let o = 10 - 7. Calculate l(o).
0
Let p be -2 + 4 + (-25)/5 + -3. Let f(g) = g**2 + 10*g + 9. Calculate f(p).
-15
Let j(o) be the second derivative of 5*o**3/6 + o. Let w(m) be the second derivative of m**4/12 + m**3/2 - 3*m**2/2 + 2*m. Let r be w(-4). Calculate j(r).
5
Let a(u) = 5*u**3 - 7*u**2 - 4*u. Let i(y) = 6*y**3 - 8*y**2 - 5*y + 1. Let z(g) = 5*a(g) - 4*i(g). Calculate z(3).
-4
Let v(i) = i**2 + 9*i - 2. Let d be v(-9). Let r(z) = 7*z - 4. Let m(x) = -13*x + 7. Let c(b) = 6*m(b) + 11*r(b). What is c(d)?
0
Let m = 6 + -4. Let t = m - 0. Let x(p) = 9*p - 2. Let d(y) = y. Let z(r) = 6*d(r) - x(r). What is z(t)?
-4
Let g(s) = 13*s - 15*s + s**2 + 7 + 0*s**2 + 9*s. Calculate g(-5).
-3
Suppose -5*d + y = 3*y + 2, 0 = 5*d + 3*y + 3. Let v(x) = -x + 1 + 2 + 5. Calculate v(d).
8
Let o(f) = 2*f**2 - 2*f + 1. Let k be o(3). Let y = k + -8. Let q(h) = -5*h**2 + 10*h - 5. Let x(u) = u**2 - u. Let s(i) = -q(i) - 4*x(i). Calculate s(y).
0
Suppose 4*v = -7 + 19. Let m(j) = j**v - j + 5 + j. Let r(t) = -t**3 - 4*t**2 - 2*t + 3. Let s be r(-3). Calculate m(s).
5
Let v(h) be the first derivative of h**4/4 + h**2/2 + 6*h + 9. Determine v(0).
6
Let x = 6 - 6. Suppose 2*i - 12 + 2 = x. Let n(h) = -h**3 + 5*h**2 + 2*h - 3. Give n(i).
7
Let f be (5/(-20) + 1)*4. Let r(u) = u**2 - u - 1. Give r(f).
5
Let t = -23 - -33. Suppose 5*r - t = -0. Let z(f) = -f**2 + 2*f - 1. What is z(r)?
-1
Let h be 4 + -2 + (3 - 3). Suppose -m + 2*v + h = 0, 12 = 4*m - 3*v - 6. Let z(j) = -j**2 + 8*j + 2. Calculate z(m).
14
Let p(v) = -4*v + 3. Let i be (-4)/6*((0 - -2) + -5). Calculate p(i).
-5
Let s = -1 - -1. Suppose s = 4*i + i. Let m(x) = -4*x**2 - 4*x + 14. Let y(o) = 3*o**2 + 3*o - 13. Let j(a) = 4*m(a) + 5*y(a). What is j(i)?
-9
Let j(t) be the second derivative of t**4/6 - t**3/3 + t**2 - 16*t. Give j(2).
6
Let d(k) = k**3 + 8*k**2 + 7*k + 6. Let a be d(-7). Let i(t) = a + t**2 - 2 + 4*t**3 - 3*t - t**3 - 2*t**3. Determine i(-3).
-5
Suppose -4*r - 20 = 0, 0 = 6*y - 3*y + 3*r + 27. Let w(o) = -3*o + 0*o - 4 + o. Calculate w(y).
4
Let l(h) = -h**2 + 6*h + 3. Let y be l(7). Let r(z) = -z. Determine r(y).
4
Let c(v) = -7*v**2 + v + 1. Let g(n) = -n**2 + 5*n + 4. Let i be g(5). Suppose 0 = o - 4*q + 1, -o - i*q - q = 1. Determine c(o).
-7
Let v(h) = -h**2 - 4*h - 2. Let o(n) be the first derivative of 3*n**2/2 + 3*n - 3. Suppose -2*k = -0 + 4. Let y be o(k). Give v(y).
1
Let s(l) = l**2 + 2. Let v(w) = -w - 10. Let c be v(-12). Suppose -2*a - 6 = -c. Calculate s(a).
6
Let l(d) be the second derivative of d**5/20 - d**4/12 - d**3/6 - 13*d**2/2 - 22*d. Determine l(0).
-13
Let m(y) = -y**3 - 2*y**2 + 4*y - 1. Suppose 2*j - 6*j - 15 = 3*l, j + 3*l + 6 = 0. Calculate m(j).
-4
Suppose 0*a - 3*a = 24. Let r be 36/3*(-1)/(-3). Let w = a + r. Let d(j) = j**3 + 3*j**2 - 4*j + 2. Determine d(w).
2
Suppose -4*k + 0*k = 3*n + 1, -4*n + 16 = k. Let j be (-6)/(-2*3/3). Suppose 5*r + 3*p = -j, n*p - 28 = -8. Let d(f) = f**2 + 2*f - 4. What is d(r)?
-1
Let x(j) be the first derivative of 1/4*j**4 - j + 0*j**3 - j**2 - 3. Give x(-2).
-5
Let c = -15 - -29. Let l be (-1 + 5)/(14/c). Let n(m) = -m + 4. Give n(l).
0
Suppose -c + 4*p + 1 = p, -15 = 5*c + 5*p. Let t(n) = -2*n**3 - 2*n**2 - n + 1. Give t(c).
11
Let d(x) = -3 + 4*x**2 - x**2 - 4*x**2 - 6*x. Calculate d(-4).
5
Let o(k) = -5*k - 10. Let p(u) = -4*u - 9. Let f(g) = -3*o(g) + 4*p(g). Suppose 5*c = c. What is f(c)?
-6
Let a(c) = -c - 12. Let n be a(-11). Suppose 7*p - 4*p - 6 = 0. Let d(j) = -j**3 + j**2 + 2. Let r(b) = 1. Let z(f) = p*r(f) - d(f). What is z(n)?
-2
Let u = 11 + -8. Let b(c) = -4*c - 1. Let t(r) = -1. Let y(a) = -b(a) + t(a). Give y(u).
12
Let x(m) = -5*m - 4 + 0*m - 4*m + 11*m. Give x(4).
4
Suppose 5*y - 16 = y. Let r = y - 4. Let n(l) = -l**2 - 2. Calculate n(r).
-2
Let x(d) = 2*d**2 - d - 1. Let j(l) = -3*l**2 + 2*l + 2. Let m(g) = -5*j(g) - 8*x(g). Suppose 46 = 2*r + 52. What is m(r)?
-5
Let j = -94 - -94. Let b(r) = r**3 + 16. Determine b(j).
16
Let w(a) be the second derivative of a**5/20 + a**4/4 - a**3/2 - a**2 - a. Let o = 6 - 10. Let m = 0 + o. Give w(m).
-6
Let x be (66/4)/((-6)/(-8)). Suppose -x*k + 23*k = 0. Let g(t) = -t**3 + t**2 + t - 5. Calculate g(k).
-5
Let c be 0 + (0/(-1))/3. Suppose c = -3*n + 7 - 16. Let g(y) = 3*y + 4. Calculate g(n).
-5
Let z(u) = -6*u + 1. Let n(a) = -17*a + 3. Let j(p) = -p**3 + 6*p**2 - 6*p + 7. Let i be j(5). Let s = -26 + 19. Let b(g) = i*n(g) + s*z(g). Determine b(1).
7
Let c(h) = 7*h - 7. Let s(f) = 13*f - 13. Let j(p) = 11*c(p) - 6*s(p). Let o(a) = a + 3. Let x be o(-4). Calculate j(x).
2
Suppose -m + 4*p = 4, -3*m - 4*p - 20 = -m. Let h be 24/(-36) - m/(-6). Let s(k) = -2*k**2 - k - 1. What is s(h)?
-7
Let d(w) be the third derivative of w**4/24 - w**3/6 - 29*w**2. Let q be (-2)/6 + (-7)/(-3). Give d(q).
1
Let q(k) = k + k**2 - 4*k - 38 + 41. Let a(j) = 3*j**2 - j. Let b be a(-1). Determine q(b).
7
Let c(b) = -6*b - 6. Let u(h) = h**3 - 5*h**2 - 1. Let t be u(5). Let n be t/(-5) + (-57)/(-15). Let o(q) = -5*q - 5. Let l(d) = n*c(d) - 5*o(d). What is l(4)?
5
Let m(a) = -2*a - 4. Let o be m(-3). Let i(g) = 0 - 4*g**o + 1 + 2 - 6*g + g**3. Let q = 12 + -7. What is i(q)?
-2
Let y(v) = -v**2 + 7. L